 y(17).
4
Let i(o) = 23*o**2 - 439*o + 36. What is i(19)?
-2
Let n(w) = 2*w**3 - 124*w**2 - 11*w + 672. Give n(62).
-10
Let v(q) = 3*q**2 - 273*q - 1142. Calculate v(-4).
-2
Let l(m) = -12*m**3 + 52*m**2 - 43*m + 3. Determine l(3).
18
Let t(o) = -o**2 - 43*o - 532. Give t(-17).
-90
Let x(m) = 352*m - 658. What is x(2)?
46
Let y(s) = -s**3 + 27*s**2 + 57*s - 20. Calculate y(29).
-49
Let b(w) = -2*w + 231. What is b(40)?
151
Let w(k) = k**3 + 19*k**2 + 43*k - 8. Determine w(-3).
7
Let k(u) = -u**3 + 24*u**2 + 29*u + 64. What is k(25)?
164
Let t(f) = -3*f**2 - 35*f + 572. Determine t(9).
14
Let z(f) = -4*f**2 - 11*f + 532. Determine z(10).
22
Let g(i) = 348*i + 11513. Calculate g(-33).
29
Let a(d) = 3*d + 123. Give a(-49).
-24
Let l(b) = -2*b**2 - 41*b + 93. Calculate l(-21).
72
Let j(l) = -2*l**2 - 40*l - 23. Give j(-16).
105
Let x(c) = -17*c - 1. Give x(-3).
50
Let w(i) = -14*i**3 + 57*i**2 - 9*i + 10. What is w(4)?
-10
Let p(k) = 2*k**3 + 6*k**2 - 25*k - 74. What is p(-7)?
-291
Let d(g) = -3*g - 30. Give d(25).
-105
Let l(s) = 137*s - 844. Give l(5).
-159
Let m(w) = 47*w + 1141. Give m(-24).
13
Let h(u) = 11*u + 540. Calculate h(-47).
23
Let g(s) = 152*s - 13991. What is g(92)?
-7
Let q(x) = -6*x**2 + 43*x - 43. Calculate q(1).
-6
Let j(d) = 422*d + 3439. What is j(-8)?
63
Let m(h) = -h**3 - 30*h**2 - 78*h - 3373. Determine m(-31).
6
Let h(g) = 8*g**2 - 92*g - 53. Determine h(12).
-5
Let x(r) = -r**3 + 25*r**2 - 19*r - 36. Calculate x(24).
84
Let t(r) = -2*r**2 + 78*r - 473. Determine t(31).
23
Let w(t) = 326*t - 1966. Give w(6).
-10
Let v(a) = -a**3 - 117*a**2 + 1407*a - 129. Give v(-128).
-1
Let s(x) = -3*x**3 + 6*x**2 - 20*x + 25. Determine s(2).
-15
Let i(v) = 116*v + 4436. Calculate i(-38).
28
Let f(k) = k**2 + 63*k + 653. Give f(-39).
-283
Let b(m) = 2*m**3 - 77*m**2 + 686*m - 295. Give b(13).
4
Let b(x) = -12*x**2 + 157*x - 58. Give b(16).
-618
Let b(c) = c**3 - 9*c**2 + 4*c - 24. What is b(9)?
12
Let y(d) = 2*d**2 - 14*d - 50. Determine y(-7).
146
Let r(a) = -3*a**2 + 1041*a - 5128. What is r(5)?
2
Let t(d) = d**3 - 21*d**2 + 1330*d - 24535. Calculate t(19).
13
Let k(y) = -y**3 + 13*y**2 + 21*y - 84. What is k(14)?
14
Let i(u) = -141*u + 552. Calculate i(4).
-12
Let s(p) = p**3 + 7*p**2 - 26*p - 21. Determine s(-12).
-429
Let i(b) = b**3 - 20*b**2 - 51*b + 152. Determine i(22).
-2
Let t(j) = 4*j + 137. Give t(-6).
113
Let a(r) = -29*r + 33. Give a(4).
-83
Let o(x) = 15*x - 361. Determine o(25).
14
Let o(k) = -3*k**2 - 163*k + 104. Determine o(-55).
-6
Let h(s) = s**3 + 17*s**2 + 35*s - 206. Give h(-13).
15
Let a(y) = 128*y + 4861. Calculate a(-38).
-3
Let q(h) = -h**3 - 54*h**2 - 67*h - 734. Calculate q(-53).
8
Let k(u) = u**3 - 22*u**2 - 29*u + 150. Calculate k(23).
12
Let k(j) = j**2 - 27*j - 83. Determine k(-4).
41
Let t(v) = v**2 - 31*v + 246. What is t(25)?
96
Let w(n) = 13*n + 22. Give w(-5).
-43
Let w(m) = -36*m - 16. Calculate w(-6).
200
Let j(d) = 3*d**3 - 23*d**2 + 12*d - 17. What is j(8)?
143
Let a(l) = -l**2 - 38*l + 360. Calculate a(-46).
-8
Let a(i) = 2*i**3 + 16*i**2 - 13*i - 33. Calculate a(-9).
-78
Let a(c) = 43*c - 2059. Give a(48).
5
Let b(m) = -m**3 + 36*m**2 - 37*m - 13. Calculate b(35).
-83
Let g(m) = -21*m - 2195. Calculate g(-104).
-11
Let y(o) = o**2 - 1230*o + 1231. What is y(1)?
2
Let g(u) = -175*u + 11382. What is g(65)?
7
Let d(w) = -w**3 + 12*w**2 - 63*w + 360. Determine d(7).
164
Let h(g) = 59*g - 1374. Determine h(21).
-135
Let m(w) = -1543*w - 4580. Calculate m(-3).
49
Let p(j) = -77*j + 4653. What is p(61)?
-44
Let o(t) = -2*t**3 + 8*t**2 - 18*t + 37. What is o(5)?
-103
Let s(g) = -82*g + 6880. Determine s(84).
-8
Let w(z) = -39*z + 66. Calculate w(2).
-12
Let s(r) = 1845*r - 18470. Give s(10).
-20
Let t(y) = -144*y + 4761. What is t(33)?
9
Let b(d) = 2*d**2 + 29*d + 39. Calculate b(-21).
312
Let q(o) = 2*o - 16. Determine q(9).
2
Let c(i) = 6*i**3 + 47*i**2 + 20*i - 2. Calculate c(-7).
103
Let w(u) = -3*u**3 - 21*u**2 + 140*u + 969. Calculate w(-7).
-11
Let p(z) = z**3 + 82*z**2 - 442*z + 18. Give p(5).
-17
Let x(o) = -o**2 - 17*o + 57. What is x(-20)?
-3
Let s(u) = u**3 + 5*u**2 - 16*u + 15. Determine s(4).
95
Let k(x) = -135*x**2 - 8*x - 7. Give k(-2).
-531
Let c(d) = 243*d + 25. Give c(-2).
-461
Let h(j) = 3*j**2 + 341*j + 1925. Determine h(-6).
-13
Let l(o) = 194*o - 2232. Determine l(10).
-292
Let x(u) = 41*u - 123. What is x(2)?
-41
Let b(j) = 8*j - 82. Determine b(-6).
-130
Let r(b) = -b**2 + 9*b + 102. Calculate r(-8).
-34
Let m(b) = b**3 + 13*b**2 + 24*b + 11. Calculate m(-11).
-11
Let l(m) = 25*m + 635. What is l(-23)?
60
Let s(v) = 14*v**3 + 2*v**2 - 3*v + 1. What is s(1)?
14
Let c(u) = 72*u**2 - 504*u + 722. Calculate c(5).
2
Let z(q) = -5*q**3 - 7*q**2 - 95*q - 157. Determine z(-2).
45
Let f(k) = 5*k**2 - 102*k - 23. What is f(23)?
276
Let o(g) = g**2 - 273*g + 805. Calculate o(3).
-5
Let r(z) = -z**3 + 53*z**2 - 146*z - 194. What is r(50)?
6
Let u(t) = -39*t**2 + 3507*t + 250. Determine u(90).
-20
Let x(l) = 41*l**3 - 4*l**2 - 2*l + 5. Determine x(1).
40
Let f(x) = -237*x - 4035. What is f(-17)?
-6
Let z(v) = v**3 + 2*v**2 - 15*v - 22. Calculate z(-7).
-162
Let z(j) = -11*j - 8. What is z(-19)?
201
Let d(x) = -x**3 - 25*x**2 + 43*x + 19. What is d(2)?
-3
Let s(a) = a**2 - 65*a - 2726. Determine s(94).
0
Let r(m) = 283*m + 1835. What is r(-6)?
137
Let j(h) = h**2 - 1568*h + 67043. Determine j(44).
-13
Let n(i) = 2*i**3 - 17*i**2 + 4*i + 171. Give n(6).
15
Let l(a) = -7*a**3 - 25*a**2 - 5*a - 32. What is l(-6)?
610
Let h(a) = 478*a + 477. Determine h(-1).
-1
Let u(f) = f**3 + 28*f**2 - 57*f + 3. Give u(-30).
-87
Let x(n) = -2*n**2 + 19*n + 2. Determine x(11).
-31
Let f(x) = -x**3 + 281*x**2 + 852*x + 4. Give f(-3).
4
Let r(v) = -2*v**2 + 110*v + 862. Give r(62).
-6
Let j(f) = -1092*f - 5447. Calculate j(-5).
13
Let j(v) = 1472*v**2 - 7362*v - 13. Calculate j(5).
-23
Let s(y) = -116*y + 861. What is s(7)?
49
Let s(j) = -2*j**3 - 243*j**2 + 367*j - 242. Calculate s(-123).
4
Let g(m) = -m**3 + 6*m**2 - 384*m + 2262. What is g(6)?
-42
Let x(v) = -2*v**2 - 3*v + 25. What is x(3)?
-2
Let c(s) = -5*s**2 - 244*s - 480. Give c(-2).
-12
Let o(q) = -136*q - 4462. What is o(-33)?
26
Let w(r) = 17*r**3 + 79*r**2 - 10*r + 92. Give w(-5).
-8
Let j(r) = -172*r - 62. Determine j(-3).
454
Let b(x) = -x**2 - 193*x - 1822. Calculate b(-10).
8
Let s(f) = 17*f - 23. Calculate s(-20).
-363
Let w(x) = -17919*x + 89593. What is w(5)?
-2
Let x(u) = u**2 + 42*u + 200. What is x(-6)?
-16
Let j(x) = 10*x**2 + 28*x - 106. Calculate j(5).
284
Let w(l) = l**3 - 35*l**2 + 5*l - 184. Calculate w(35).
-9
Let h(j) = 4*j**2 - 154*j + 37. Calculate h(38).
-39
Let d(u) = -u**2 + 28*u + 1493. Give d(-27).
8
Let g(k) = -k**2 - 96*k - 273. Determine g(-3).
6
Let w(t) = t**2 + 209*t + 6335. Calculate w(-172).
-29
Let r(n) = n**2 - 8*n - 818. Calculate r(-26).
66
Let a(v) = v**3 + 9*v**2 - 39*v + 26. Determine a(4).
78
Let f(r) = 36*r**3 - r**2 - 3*r - 6. Give f(-2).
-292
Let k(b) = 41*b - 206. What is k(5)?
-1
Let s(o) = o + 26. What is s(2)?
28
Let f(j) = 6*j**2 - 12*j + 7. Calculate f(2).
7
Let h(k) = -17*k - 863. What is h(-29)?
-370
Let s(h) = 17*h**2 - 19*h - 26. Determine s(-1).
10
Let x(n) = -31*n - 73. Calculate x(-4).
51
Let o(i) = -i**3 - 43*i**2 - 120*i + 36. Determine o(-40).
36
Let b(x) = 87*x - 1291. What is b(17)?
188
Let k(r) = r**2 + 116*r + 2409. Determine k(-89).
6
Let y(d) = d**2 + 76*d - 330. What is y(4)?
-10
Let y(x) = 24*x - 956. Give y(44).
100
Let h(l) = -l**3 + 4*l**2 + 17*l - 25. Calculate h(6).
5
Let p(c) = -4*c**3 - 48*c**2 + 8*c + 100. Determine p(-12).
4
Let o(d) = 10*d**2 + 87*d + 39. Give o(-8).
-17
Let k(y) = -y**3 - 9*y**2 + 3*y + 13. Calculate k(-5).
-102
Let t(a) = 68*a - 11352. Give t(167).
4
Let y(r) = r**3 + 35*r**2 - 61*r - 226. What is y(-36)?
674
Let f(w) = -25*w**2 + 2572*w + 306. Give f(103).
-3
Let x(w) = -24*w**2 - 895*w + 894. Give x(1).
-25
Let h(f) = -1793*f - 35856. Give h(-20).
4
Let w(d) = d**3 + 33*d**2 + 33*d + 121. Determine w(-32).
89
Let x(n) = -60*n + 621. Give x(15).
-279
Let v(m) = m**3 + 9*m**2 - 38*m - 32. Calculate v(-12).
-8
Let b(c) = 189*c - 5109. Calculate b(27).
-6
Let i(m) = 5*m**3 - 81*m**2 + 178*m - 36. Give i(2).
36
Let v(b) = b**3 - 5*b**2 - 319*b + 129